n 40411 is divided by 8013.
346
What is the remainder when 10141 is divided by 3368?
37
What is the remainder when 9652 is divided by 3212?
16
What is the remainder when 112496 is divided by 4891?
3
What is the remainder when 81968 is divided by 239?
230
Calculate the remainder when 645882 is divided by 24.
18
Calculate the remainder when 8825 is divided by 81.
77
Calculate the remainder when 5331 is divided by 314.
307
Calculate the remainder when 67549 is divided by 156.
1
Calculate the remainder when 3653 is divided by 14.
13
What is the remainder when 76496 is divided by 227?
224
Calculate the remainder when 7496 is divided by 330.
236
What is the remainder when 73437 is divided by 288?
285
Calculate the remainder when 706 is divided by 121.
101
Calculate the remainder when 30337 is divided by 264.
241
Calculate the remainder when 420244 is divided by 631.
629
Calculate the remainder when 5974 is divided by 1021.
869
Calculate the remainder when 7408 is divided by 7072.
336
What is the remainder when 10646 is divided by 463?
460
What is the remainder when 4790 is divided by 218?
212
What is the remainder when 2665 is divided by 830?
175
Calculate the remainder when 17761 is divided by 450.
211
Calculate the remainder when 8345 is divided by 2780.
5
Calculate the remainder when 771625 is divided by 19.
16
What is the remainder when 103622 is divided by 105?
92
Calculate the remainder when 5639 is divided by 1868.
35
What is the remainder when 74895 is divided by 496?
495
Calculate the remainder when 38455 is divided by 76.
75
What is the remainder when 9067 is divided by 147?
100
What is the remainder when 40296 is divided by 93?
27
Calculate the remainder when 517 is divided by 364.
153
Calculate the remainder when 9414 is divided by 147.
6
What is the remainder when 1980718 is divided by 112?
110
What is the remainder when 30334 is divided by 13?
5
What is the remainder when 97412 is divided by 297?
293
Calculate the remainder when 488799 is divided by 520.
519
Calculate the remainder when 168 is divided by 80.
8
Calculate the remainder when 971422 is divided by 485700.
22
What is the remainder when 9038 is divided by 335?
328
What is the remainder when 1972 is divided by 62?
50
What is the remainder when 18442 is divided by 741?
658
What is the remainder when 33694 is divided by 591?
7
What is the remainder when 3615 is divided by 1762?
91
Calculate the remainder when 9111 is divided by 62.
59
Calculate the remainder when 15576 is divided by 563.
375
What is the remainder when 30086 is divided by 9938?
272
What is the remainder when 939611 is divided by 4?
3
Calculate the remainder when 19870 is divided by 139.
132
What is the remainder when 195551 is divided by 126?
125
What is the remainder when 244913 is divided by 20409?
5
What is the remainder when 503 is divided by 241?
21
Calculate the remainder when 2896 is divided by 71.
56
Calculate the remainder when 881 is divided by 869.
12
Calculate the remainder when 4696 is divided by 4633.
63
What is the remainder when 1206559 is divided by 12?
7
Calculate the remainder when 1244065 is divided by 73.
72
Calculate the remainder when 19715 is divided by 94.
69
What is the remainder when 2261 is divided by 1129?
3
Calculate the remainder when 760 is divided by 16.
8
What is the remainder when 2682 is divided by 270?
252
What is the remainder when 2022 is divided by 194?
82
Calculate the remainder when 29974 is divided by 14893.
188
Calculate the remainder when 40481 is divided by 20227.
27
Calculate the remainder when 66294 is divided by 539.
536
What is the remainder when 16587 is divided by 1370?
147
Calculate the remainder when 499 is divided by 23.
16
What is the remainder when 118708 is divided by 18?
16
What is the remainder when 15044 is divided by 1367?
7
What is the remainder when 6364 is divided by 147?
43
Calculate the remainder when 308 is divided by 23.
9
What is the remainder when 873817 is divided by 301?
14
Calculate the remainder when 144857 is divided by 1305.
2
What is the remainder when 3839 is divided by 345?
44
Calculate the remainder when 12928 is divided by 6439.
50
Calculate the remainder when 2742 is divided by 45.
42
Calculate the remainder when 14050 is divided by 16.
2
Calculate the remainder when 2481 is divided by 1225.
31
Calculate the remainder when 83099 is divided by 24.
11
What is the remainder when 541977 is divided by 45?
42
Calculate the remainder when 1288 is divided by 24.
16
What is the remainder when 25868 is divided by 101?
12
Calculate the remainder when 8108 is divided by 139.
46
What is the remainder when 104599 is divided by 241?
5
What is the remainder when 10292334 is divided by 14?
10
What is the remainder when 3342 is divided by 3286?
56
What is the remainder when 6177 is divided by 101?
16
What is the remainder when 1941 is divided by 129?
6
What is the remainder when 35853 is divided by 15?
3
Calculate the remainder when 5778 is divided by 161.
143
Calculate the remainder when 2635 is divided by 1274.
87
What is the remainder when 109075 is divided by 103?
101
What is the remainder when 227732 is divided by 28460?
52
Calculate the remainder when 17581 is divided by 181.
24
Calculate the remainder when 1549 is divided by 25.
24
Calculate the remainder when 1552 is divided by 424.
280
What is the remainder when 3854 is divided by 229?
190
What is the remainder when 2032 is divided by 355?
257
What is the remainder when 705248 is divided by 325?
323
Calculate the remainder when 16922 is divided by 330.
92
Calculate the remainder when 4731 is divided by 3438.
1293
Calculate the remainder when 1706 is divided by 303.
191
What is the remainder when 225519 is divided by 49?
21
Calculate the remainder when 2833 is divided by 115.
73
What is the remainder when 40523 is divided by 13500?
23
Calculate the remainder when 2251299 is divided by 100.
99
Calculate the remainder when 10427 is divided by 1464.
179
What is the remainder when 332826 is divided by 587?
584
Calculate the remainder when 477845 is divided by 238918.
9
What is the remainder when 2136 is divided by 649?
189
What is the remainder when 1576 is divided by 767?
42
What is the remainder when 13774 is divided by 444?
10
What is the remainder when 136673 is divided by 73?
17
What is the remainder when 4871 is divided by 2279?
313
What is the remainder when 83074 is divided by 944?
2
Calculate the remainder when 1192 is divided by 575.
42
Calculate the remainder when 3905 is divided by 179.
146
Calculate the remainder when 41249 is divided by 41208.
41
What is the remainder when 63579 is divided by 85?
84
Calculate the remainder when 6138 is divided by 17.
1
Calculate the remainder when 937735 is divided by 7.
1
What is the remainder when 23559 is divided by 97?
85
Calculate the remainder when 200876 is divided by 5739.
11
What is the remainder when 1290551 is divided by 8?
7
Calculate the remainder when 713999 is divided by 170.
169
Calculate the remainder when 3387353 is divided by 14.
11
What is the remainder when 22435 is divided by 4443?
220
Calculate the remainder when 41754 is divided by 643.
602
What is the remainder when 4164 is divided by 19?
3
What is the remainder when 11642 is divided by 152?
90
Calculate the remainder when 204097 is divided by 650.
647
What is the remainder when 2997 is divided by 975?
72
Calculate the remainder when 44198 is divided by 442.
440
Calculate the remainder when 76841 is divided by 10971.
44
What is the remainder when 17879 is divided by 142?
129
Calculate the remainder when 1575014 is divided by 17.
15
What is the remainder when 4966 is divided by 10?
6
What is the remainder when 54975 is divided by 54946?
29
Calculate the remainder when 23765 is divided by 233.
232
Calculate the remainder when 15934 is divided by 128.
62
Calculate the remainder when 10052 is divided by 3182.
506
Calculate the remainder when 1102 is divided by 9.
4
Calculate the remainder when 698828 is divided by 15.
8
What is the remainder when 17911 is divided by 2509?
348
Calculate the remainder when 325919 is divided by 679.
678
What is the remainder when 173469 is divided by 28901?
63
Calculate the remainder when 3273 is divided by 337.
240
What is the remainder when